1
-25 (base 8) to base 4
-111
3201 (base 4) to base 14
121
-2 (base 13) to base 12
-2
What is -42 (base 12) in base 4?
-302
What is 7 (base 9) in base 7?
10
What is -23 (base 14) in base 9?
-34
What is 1 (base 12) in base 4?
1
Convert 1111 (base 2) to base 8.
17
What is 10 (base 9) in base 14?
9
-11 (base 2) to base 14
-3
Convert 5 (base 16) to base 12.
5
Convert -10 (base 2) to base 6.
-2
What is 1 (base 9) in base 14?
1
What is -15 (base 8) in base 11?
-12
-4 (base 10) to base 12
-4
Convert 1 (base 11) to base 6.
1
31 (base 7) to base 3
211
What is -2 (base 5) in base 3?
-2
What is -10 (base 8) in base 11?
-8
What is -23 (base 5) in base 7?
-16
What is 52 (base 9) in base 12?
3b
Convert 11 (base 15) to base 5.
31
0 (base 4) to base 2
0
Convert -2133 (base 5) to base 3.
-101212
What is -1 (base 13) in base 7?
-1
What is 21 (base 3) in base 4?
13
-80 (base 9) to base 11
-66
129 (base 12) to base 16
b1
What is -10 (base 7) in base 11?
-7
Convert -20 (base 6) to base 16.
-c
Convert 28 (base 15) to base 11.
35
Convert -123 (base 9) to base 3.
-10210
What is 33 (base 7) in base 11?
22
What is -5 (base 14) in base 5?
-10
What is 37 (base 8) in base 9?
34
Convert -1 (base 16) to base 15.
-1
Convert 220 (base 3) to base 13.
1b
What is -65 (base 13) in base 12?
-6b
Convert -117 (base 8) to base 6.
-211
What is -2 (base 16) in base 9?
-2
-230 (base 10) to base 12
-172
Convert -30 (base 6) to base 15.
-13
Convert 522 (base 6) to base 3.
21012
-44 (base 14) to base 13
-48
What is 2 (base 5) in base 6?
2
-2 (base 11) to base 3
-2
What is 10 (base 5) in base 10?
5
Convert 5 (base 12) to base 2.
101
Convert 75 (base 14) to base 5.
403
Convert 2 (base 12) to base 14.
2
4 (base 7) to base 10
4
23 (base 5) to base 12
11
2 (base 12) to base 5
2
Convert 13 (base 4) to base 9.
7
-32 (base 8) to base 2
-11010
Convert 0 (base 13) to base 15.
0
Convert -4 (base 11) to base 15.
-4
What is -6 (base 16) in base 9?
-6
Convert 1 (base 15) to base 16.
1
Convert 213 (base 5) to base 11.
53
Convert 11 (base 10) to base 8.
13
212 (base 3) to base 9
25
What is -2 (base 15) in base 14?
-2
Convert -20 (base 12) to base 11.
-22
What is 1033 (base 6) in base 2?
11101101
Convert 125 (base 9) to base 12.
88
2c (base 15) to base 2
101010
Convert -122 (base 3) to base 15.
-12
What is 3 (base 10) in base 4?
3
407 (base 8) to base 9
322
What is 3 (base 11) in base 16?
3
21 (base 11) to base 3
212
-120 (base 4) to base 5
-44
62 (base 7) to base 9
48
What is -11 (base 3) in base 15?
-4
Convert 1 (base 10) to base 9.
1
What is 21 (base 3) in base 6?
11
Convert 4 (base 5) to base 15.
4
What is -55 (base 15) in base 8?
-120
Convert -1 (base 4) to base 2.
-1
Convert 0 (base 10) to base 7.
0
3 (base 7) to base 12
3
What is -8c (base 15) in base 12?
-b0
-3 (base 14) to base 15
-3
What is -3 (base 14) in base 13?
-3
0 (base 11) to base 15
0
2 (base 7) to base 15
2
What is -206 (base 9) in base 11?
-143
What is 1010 (base 3) in base 8?
36
7 (base 8) to base 5
12
Convert 122 (base 5) to base 13.
2b
Convert -3 (base 9) to base 3.
-10
-25 (base 16) to base 4
-211
-7 (base 9) to base 11
-7
Convert 110 (base 4) to base 2.
10100
1 (base 10) to base 12
1
What is 3 (base 10) in base 15?
3
What is 14 (base 14) in base 12?
16
Convert -10 (base 5) to base 8.
-5
-30 (base 15) to base 2
-101101
Convert -340 (base 6) to base 14.
-96
What is -1010 (base 2) in base 6?
-14
Convert -3221 (base 4) to base 14.
-129
Convert -1011 (base 2) to base 13.
-b
-2111 (base 3) to base 12
-57
-1 (base 16) to base 10
-1
1101 (base 2) to base 11
12
96 (base 14) to base 15
8c
What is 1 (base 4) in base 5?
1
-16 (base 9) to base 13
-12
What is 2 (base 5) in base 14?
2
What is 4 (base 5) in base 8?
4
21 (base 5) to base 2
1011
Convert 1 (base 2) to base 7.
1
What is 12 (base 11) in base 13?
10
What is -46 (base 10) in base 16?
-2e
Convert -1 (base 4) to base 2.
-1
What is -1 (base 4) in base 7?
-1
Convert 4 (base 7) to base 10.
4
-2 (base 11) to base 10
-2
Convert 16 (base 12) to base 4.
102
64 (base 8) to base 3
1221
Convert -211 (base 3) to base 2.
-10110
What is -18 (base 14) in base 8?
-26
What is 101010101 (base 2) in base 10?
341
Convert 1 (base 3) to base 9.
1
Convert 1001 (base 2) to base 15.
9
Convert 4e (base 16) to base 11.
71
-6 (base 12) to base 9
-6
Convert 2 (base 14) to base 4.
2
What is 29 (base 12) in base 2?
100001
Convert 3 (base 10) to base 5.
3
-2 (base 13) to base 3
-2
Convert -69 (base 10) to base 14.
-4d
-36 (base 7) to base 3
-1000
-27 (base 11) to base 3
-1002
What is 1010 (base 3) in base 5?
110
What is -111 (base 2) in base 11?
-7
Convert 0 (base 8) to base 13.
0
Convert 0 (base 16) to base 3.
0
What is 1 (base 7) in base 15?
1
What is -21111 (base 3) in base 14?
-106
2 (base 6) to base 11
2
Convert 4 (base 13) to base 14.
4
Convert 21 (base 3) to base 2.
111
201 (base 3) to base 11
18
-625 (base 8) to base 4
-12111
Convert c (base 13) to base 10.
12
20 (base 5) to base 2
1010
3 (base 14) to base 16
3
-42 (base 9) to base 11
-35
What is 16 (base 16) in base 13?
19
What is -2 (base 13) in base 14?
-2
Convert -a (base 13) to base 8.
-12
What is 110000 (base 2) in base 8?
60
2 (base 10) to base 3
2
Convert 19 (base 12) to base 3.
210
What is -5b (base 13) in base 14?
-56
-24 (base 7) to base 3
-200
What is 17 (base 15) in base 12?
1a
-21 (base 3) to base 15
-7
Convert 12 (base 5) to base 9.
7
What is -6 (base 11) in base 3?
-20
-1000 (base 2) to base 12
-8
Convert 3 (base 15) to base 16.
3
What is 115 (base 8) in base 11?
70
73 (base 14) to base 13
7a
-9e (base 16) to base 9
-185
16 (base 8) to base 12
12
What is -26 (base 8) in base 7?
-31
-28 (base 10) to base 2
-11100
-1110 (base 3) to base 6
-103
Convert 1 (base 13) to base 7.
1
5 (base 16) to base 6
5
-2 (base 10) to base 11
-2
What is 101 (base 3) in base 16?
a
69 (base 16) to base 3
10220
-6 (base 9) to base 4
-12
-2 (base 8) to base 12
-2
Convert -22021 (base 3) to base 2.
-11011111
Convert -42 (base 11) to base 12.
-3a
361 (base 8) to base 15
111
38 (base 9) to base 14
27
3 (base 11) to base 16
3
-1 (base 15) to base 7
-1
Convert 32 (base 13) to base 9.
45
Convert 10 (base 12) to base 5.
22
303 (base 5) to base 10
78
What is 23 (base 16) in base 13?
29
Convert -98 (base 15) to base 8.
-217
What is -4 (base 14) in base 7?
-4
What is 5 (base 6) in base 16?
5
What is 1 (base 16) in base 10?
1
Convert -10011000 (base 2) to base 4.
-2120
What is -1 (base 12) in base 2?
-1
Convert -65 (base 7) to base 9.
-52
13 (base 14) to base 4
101
What is -4 (base 12) in base 13?
-4
1 (base 9) to base 3
1
What is 113 (base 4) in base 10?
23
What is -3 (base 9) in base 3?
-10
Convert 11110010 (base 2) to base 14.
134
3 (base 10) to base 7
3
What is 1100010 (base 2) in base 6?
242
0 (base 8) to base 16
0
11 (base 6) to base 12
7
What is 0 (base 12) in base 15?
0
Convert 0 (base 11) to base 6.
0
What is -c2 (base 13) in base 5?
-1113
Convert -5 (base 16) to base 12.
-5
Convert c (base 15) to base 3.
110
-5 (base 15) to base 8
-5
What is -3 (base 8) in base 13?
-3
What is -12110 (base 3) in base 14?
-a7
-133 (base 9) to base 7
-216
Convert -2a (base 12) to base 4.
-202
2 (base 4) to base 10
2
Convert -1 (base 10) to base 2.
-1
What is 1 (base 4) in base 13?
1
3 (base 9) to base 15
3
6 (base 12) to base 4
12
What is -2 (base 11) in base 4?
-2
Convert 45 (base 10) to base 4.
231
1 (base 13) to base 12
1
-1 (base 6) to base 9
-1
What is 15 (base 16) in base 15?
16
Convert -232 (base 4) to base 3.
-1201
What is -8 (base 16) in base 11?
-8
100 (base 2) to base 3
11
Convert -8 (base 12) to base 2.
-1000
What is -23 (base 12) in base 8?
-33
105 (base 8) to base 4
1011
What is 3 (base 10) in base 3?
10
Convert -48 (base 10) to base 4.
-300
-9 (base 13) to base 5
-14
Convert -39 (base 14) to base 6.
-123
Convert -4 (base 12) to base 9.
-4
What is 137 (base 9) in base 4?
1303
-115 (base 7) to base 15
-41
What is 21100 (base 3) in base 6?
530
31 (base 13) to base 15
2a
-177 (base 10) to base 13
-108
What is -4 (base 15) in base 2?
-100
17 (base 10) to base 8
21
1 (base 5) to base 14
1
What is -54 (base 11) in base 3?
-2012
5 (base 6) to base 2
101
What is 8 (base 9) in base 10?
8
Convert 0 (base 11) to base 7.
0
Convert 4 (base 6) to base 3.
11
Convert 15 (base 15) to base 7